s 10 divide 987663?
False
Is 67 a factor of 76029?
False
Is 1518 a factor of 18974777?
False
Is 154 a factor of 2482326?
True
Does 47 divide 222914?
False
Is 12 a factor of 163920?
True
Is 615 a factor of 170355?
True
Is 7889205 a multiple of 553?
False
Does 100 divide 10167947?
False
Is 44 a factor of 1955184?
True
Is 559827 a multiple of 51?
True
Is 555525 a multiple of 132?
False
Does 86 divide 4237017?
False
Is 89 a factor of 737632?
True
Does 81 divide 8795385?
True
Is 64 a factor of 669774?
False
Does 48 divide 259536?
True
Is 19660828 a multiple of 1699?
True
Does 362 divide 1036857?
False
Is 17319 a multiple of 288?
False
Is 777 a factor of 3486978?
False
Is 47 a factor of 1996181?
False
Is 27 a factor of 236081?
False
Is 14 a factor of 326494?
True
Is 34874 a multiple of 658?
True
Is 62 a factor of 186868?
True
Is 5 a factor of 16081?
False
Does 3 divide 15665?
False
Does 15 divide 601462?
False
Is 33 a factor of 32871?
False
Does 200 divide 463600?
True
Is 339578 a multiple of 94?
False
Does 26 divide 538176?
False
Is 66020 a multiple of 19?
False
Is 2105668 a multiple of 149?
True
Is 181568 a multiple of 4?
True
Is 176 a factor of 137984?
True
Does 902 divide 233103?
False
Is 57272 a multiple of 4?
True
Is 9644 a multiple of 4?
True
Is 12037201 a multiple of 1877?
True
Does 259 divide 165242?
True
Is 1768447 a multiple of 529?
True
Is 41 a factor of 317376?
False
Is 768201 a multiple of 15?
False
Is 1177 a factor of 3647523?
True
Does 100 divide 2112400?
True
Is 58 a factor of 101560?
False
Does 64 divide 227648?
True
Is 393 a factor of 2581617?
True
Is 184598 a multiple of 23?
True
Does 256 divide 265018?
False
Is 350640 a multiple of 40?
True
Is 20 a factor of 229420?
True
Is 42 a factor of 514973?
False
Is 4846504 a multiple of 8?
True
Does 203 divide 296692?
False
Does 76 divide 236360?
True
Is 201 a factor of 336876?
True
Is 14 a factor of 124068?
True
Is 41 a factor of 1605396?
True
Is 1204953 a multiple of 171?
False
Is 256384 a multiple of 387?
False
Does 114 divide 30438?
True
Is 117729 a multiple of 9?
True
Is 30450 a multiple of 30?
True
Is 20 a factor of 2030260?
True
Does 40 divide 708040?
True
Is 67284 a multiple of 7?
True
Is 91078 a multiple of 62?
True
Is 47400 a multiple of 120?
True
Does 955 divide 2838899?
False
Is 54340 a multiple of 55?
True
Is 58 a factor of 16012528?
False
Is 213416 a multiple of 37?
True
Does 270 divide 1969380?
True
Is 11 a factor of 1566387?
False
Does 1675 divide 14220736?
False
Is 143071 a multiple of 3?
False
Is 617 a factor of 3148846?
False
Is 830120 a multiple of 4?
True
Is 13 a factor of 64974?
True
Is 197021 a multiple of 5?
False
Is 5 a factor of 1923147?
False
Does 1129 divide 9427150?
True
Does 68 divide 31144?
True
Is 4 a factor of 37148?
True
Is 10695 a multiple of 155?
True
Is 7169250 a multiple of 363?
True
Does 16 divide 89376?
True
Does 55 divide 210705?
True
Is 10 a factor of 5357270?
True
Is 684027 a multiple of 9?
True
Is 155143 a multiple of 105?
False
Does 41 divide 350837?
True
Does 46 divide 281520?
True
Is 417 a factor of 47955?
True
Is 3133907 a multiple of 16?
False
Is 13 a factor of 19211751?
True
Is 142 a factor of 459022?
False
Does 184 divide 72088?
False
Is 379863 a multiple of 43?
False
Is 113 a factor of 4350161?
True
Does 690 divide 758439?
False
Is 123448 a multiple of 23?
False
Is 6462180 a multiple of 45?
True
Is 19 a factor of 543419?
True
Is 8274304 a multiple of 16?
True
Does 34 divide 102762?
False
Does 2 divide 1225391?
False
Does 16 divide 2768801?
False
Is 400257 a multiple of 117?
True
Does 212 divide 360801?
False
Does 686 divide 1429624?
True
Is 125 a factor of 1221831?
False
Does 3 divide 63243?
True
Does 113 divide 1630453?
False
Does 69 divide 48300?
True
Does 13 divide 223956?
False
Is 936 a factor of 904176?
True
Is 1173744 a multiple of 76?
True
Is 3 a factor of 2091?
True
Is 8785452 a multiple of 13?
True
Is 4866233 a multiple of 21?
False
Is 2475226 a multiple of 31?
True
Is 2113011 a multiple of 359?
False
Is 91339 a multiple of 7?
False
Is 52 a factor of 2395417?
False
Is 27803 even?
False
Is 393 a factor of 523268?
False
Is 117046 a multiple of 344?
False
Does 4 divide 31643?
False
Is 115248 a multiple of 16?
True
Is 68 a factor of 500072?
True
Is 127818 a multiple of 27?
True
Is 576796 a multiple of 4?
True
Is 3 a factor of 41844?
True
Is 8 a factor of 251944?
True
Is 465 a factor of 8685991?
False
Does 16 divide 822468?
False
Is 8 a factor of 577169?
False
Does 149 divide 1290936?
True
Does 42 divide 130116?
True
Does 54 divide 5579766?
True
Is 62 a factor of 190526?
True
Is 351641 a multiple of 23?
False
Is 6902 a multiple of 17?
True
Does 5 divide 63308?
False
Is 566 a factor of 47191?
False
Is 20 a factor of 356380?
True
Is 78 a factor of 18608460?
True
Is 2 a factor of 5945501?
False
Is 3871936 a multiple of 44?
False
Does 1112 divide 4005424?
True
Does 929 divide 2947689?
False
Does 25 divide 923039?
False
Is 833865 a multiple of 23?
True
Is 9 a factor of 81927?
True
Is 36 a factor of 218808?
True
Does 11 divide 46431?
True
Is 279600 a multiple of 16?
True
Is 8 a factor of 19301?
False
Is 19 a factor of 52643?
False
Does 488 divide 16772166?
False
Is 17 a factor of 14263?
True
Is 368936 a multiple of 41?
False
Does 85 divide 493799?
False
Is 5 a factor of 902880?
True
Is 5607200 a multiple of 172?
True
Does 154 divide 422731?
False
Is 59131 a multiple of 22?
False
Is 882730 a multiple of 839?
False
Is 1142713 a multiple of 53?
False
Is 14 a factor of 1309126?
True
Does 13 divide 363961?
True
Is 171079 a multiple of 9?
False
Is 816330 a multiple of 30?
True
Is 36960 a multiple of 22?
True
Does 19 divide 4023023?
False
Is 2954403 a multiple of 23?
False
Is 2 a factor of 248171?
False
Is 219 a factor of 116946?
True
Is 4990736 a multiple of 1084?
True
Is 2 a factor of 1697893?
False
Does 120 divide 18360?
True
Is 1633050 a multiple of 450?
True
Does 24 divide 606675?
False
Is 12 a factor of 1552476?
True
Does 4 divide 164963?
False
Is 2465632 a multiple of 22?
False
Does 452 divide 5269416?
True
Is 27798240 a multiple of 696?
True
Is 303 a factor of 4012326?
True
Is 13971 a multiple of 14?
False
Is 28 a factor of 7927589?
False
Is 340 a factor of 93287?
False
Does 45 divide 2351367?
False
Is 267 a factor of 2134398?
True
Does 555 divide 13312230?
True
Is 72192 a multiple of 128?
True
Does 60 divide 302237?
False
Does 304 divide 1280698?
False
Is 2128237 a multiple of 251?
False
Is 354 a factor of 1045008?
True
Does 26 divide 182728?
True
Is 24318 a multiple of 42?
True
Does 11 divide 314105?
True
Is 96 a factor of 1315359?
False
Is 15 a factor of 7746882?
False
Is 41 a factor of 241870?
False
Does 173 divide 617026?
False
Does 135 divide 963077?
False
Does 3 divide 28181?
False
Does 10 divide 123910?
True
Does 76 divide 391400?
True
Is 41 a factor of 2386897?
True
Does 324 divide 169452?
True
Does 28 divide 1039528?
True
Is 4335001 a multiple of 14?
False
Does 80 divide 3712213?
False
Is 3 a factor of 1451386?
False
Is 1704067 even?
False
Is 19730 a multiple of 10?
True
Is 3637341 a multiple of 52?
False
Is 7607432 a multiple of 244?
True
Does 187 divide 1115307?
False
Is 12028150 a multiple of 10?
True
Is 34 a factor of 94267?
False
Does 62 divide 2663210?
True
Is 89475 a multiple of 15?
True
Does 15 divide 47010?
True
Is 1206766 a multiple of 1020?
False
Is 6631440 a multiple of 10?
True
Is 18789615 a multiple of 9?
True
Is 117 a factor of 67282?
False
Is 22 a factor of 2543640?
True
Does 352 divide 1004599?
False
Is 2600085 a multiple of 1455?
True
Does 424 divide 2846312?
True
Is 93 a factor of 12041361?
True
Is 2293242 a multiple of 7?
True
Is 42420 a multiple of 124?
False
Does 21 divide 3353112?
True
Is 101 a factor of 2776583?
False
Is 13 a factor of 1112042?
False
Does 28 divide 48986?
False
Is 2 a factor of 12289?
False
Is 3369040 a multiple of 115?
True
Does 186 divide 314712?
True
Does 10 divide 628583?
False
Does 46 divide 289984?
True
Is 15 a factor of 6585?
True
Is 80000 a multiple of 625?
True
Is 15867768 a multiple of 6?
True
Does 37 divide 5355852?
False
Is 349511 a multiple of 32?
False
Does 79 divide 24332?
True
Does 269 divide 441294?
False
Is 716434 a multiple of 125?
False
Does 521 divide 9716888?
Fa